{"id":2660,"date":"2025-11-17T09:50:18","date_gmt":"2025-11-17T09:50:18","guid":{"rendered":"https:\/\/streamproject.de\/guides\/?page_id=2660"},"modified":"2025-12-05T06:53:12","modified_gmt":"2025-12-05T06:53:12","slug":"twitch-follower-marketing-die-besten-tipps-fur-schnelles-wachstum","status":"publish","type":"page","link":"https:\/\/streamfollower.de\/guides\/twitch-follower-marketing-die-besten-tipps-fur-schnelles-wachstum\/","title":{"rendered":"Twitch Follower Marketing \u2013 Die besten Tipps f\u00fcr schnelles Wachstum"},"content":{"rendered":"<p data-start=\"439\" data-end=\"523\"><img decoding=\"async\" class=\"wp-image-2661 aligncenter\" src=\"https:\/\/streamfollower.de\/guides\/wp-content\/uploads\/2025\/11\/Screenshot-2025-11-17-at-3.11.20\u202fPM.png\" alt=\"\" width=\"763\" height=\"430\" srcset=\"https:\/\/streamfollower.de\/guides\/wp-content\/uploads\/2025\/11\/Screenshot-2025-11-17-at-3.11.20\u202fPM.png 1613w, https:\/\/streamfollower.de\/guides\/wp-content\/uploads\/2025\/11\/Screenshot-2025-11-17-at-3.11.20\u202fPM-300x169.png 300w, https:\/\/streamfollower.de\/guides\/wp-content\/uploads\/2025\/11\/Screenshot-2025-11-17-at-3.11.20\u202fPM-1024x578.png 1024w, https:\/\/streamfollower.de\/guides\/wp-content\/uploads\/2025\/11\/Screenshot-2025-11-17-at-3.11.20\u202fPM-768x433.png 768w, https:\/\/streamfollower.de\/guides\/wp-content\/uploads\/2025\/11\/Screenshot-2025-11-17-at-3.11.20\u202fPM-1536x867.png 1536w\" sizes=\"(max-width: 763px) 100vw, 763px\" \/><\/p>\n<h3 data-start=\"530\" data-end=\"592\"><strong data-start=\"534\" data-end=\"590\"><a href=\"https:\/\/streamfollower.de\/?ref=gads\"><img decoding=\"async\" class=\"wp-image-2665 aligncenter\" src=\"https:\/\/streamfollower.de\/guides\/wp-content\/uploads\/2025\/11\/BSDA23.png\" alt=\"\" width=\"436\" height=\"137\" srcset=\"https:\/\/streamfollower.de\/guides\/wp-content\/uploads\/2025\/11\/BSDA23.png 360w, https:\/\/streamfollower.de\/guides\/wp-content\/uploads\/2025\/11\/BSDA23-300x94.png 300w\" sizes=\"(max-width: 436px) 100vw, 436px\" \/><\/a><\/strong><\/h3>\n<article class=\"text-token-text-primary w-full focus:outline-none [--shadow-height:45px] has-data-writing-block:pointer-events-none has-data-writing-block:-mt-(--shadow-height) has-data-writing-block:pt-(--shadow-height) [&amp;:has([data-writing-block])&gt;*]:pointer-events-auto [content-visibility:auto] supports-[content-visibility:auto]:[contain-intrinsic-size:auto_100lvh] scroll-mt-[calc(var(--header-height)+min(200px,max(70px,20svh)))]\" dir=\"auto\" tabindex=\"-1\" data-turn-id=\"bb0c42bc-aa0b-4975-9eef-0cd5a8800f19\" data-testid=\"conversation-turn-124\" data-scroll-anchor=\"true\" data-turn=\"assistant\">\n<div class=\"text-base my-auto mx-auto pb-10 [--thread-content-margin:--spacing(4)] thread-sm:[--thread-content-margin:--spacing(6)] thread-lg:[--thread-content-margin:--spacing(16)] px-(--thread-content-margin)\">\n<div class=\"[--thread-content-max-width:40rem] thread-lg:[--thread-content-max-width:48rem] mx-auto max-w-(--thread-content-max-width) flex-1 group\/turn-messages focus-visible:outline-hidden relative flex w-full min-w-0 flex-col agent-turn\" tabindex=\"-1\">\n<div class=\"flex max-w-full flex-col grow\">\n<div class=\"min-h-8 text-message relative flex w-full flex-col items-end gap-2 text-start break-words whitespace-normal [.text-message+&amp;]:mt-1\" dir=\"auto\" data-message-author-role=\"assistant\" data-message-id=\"44ae9622-772d-4615-8391-6a7c5980fbd8\" data-message-model-slug=\"gpt-5-1\">\n<div class=\"flex w-full flex-col gap-1 empty:hidden first:pt-[1px]\">\n<div class=\"markdown prose dark:prose-invert w-full break-words dark markdown-new-styling\">\n<p data-start=\"139\" data-end=\"208\">\n<ol data-start=\"210\" data-end=\"273\">\n<li data-start=\"210\" data-end=\"273\">\n<h2 data-start=\"213\" data-end=\"273\">StreamFollower.de \u2013 Beste Tools f\u00fcr deutsches Twitch-Wachstum<\/h2>\n<\/li>\n<\/ol>\n<h3 data-start=\"530\" data-end=\"592\"><strong data-start=\"534\" data-end=\"590\"><a href=\"https:\/\/streamfollower.de\/?ref=gads\"><img decoding=\"async\" class=\"wp-image-2665 aligncenter\" src=\"https:\/\/streamfollower.de\/guides\/wp-content\/uploads\/2025\/11\/BSDA23.png\" alt=\"\" width=\"436\" height=\"137\" srcset=\"https:\/\/streamfollower.de\/guides\/wp-content\/uploads\/2025\/11\/BSDA23.png 360w, https:\/\/streamfollower.de\/guides\/wp-content\/uploads\/2025\/11\/BSDA23-300x94.png 300w\" sizes=\"(max-width: 436px) 100vw, 436px\" \/><\/a><\/strong><\/h3>\n<p data-start=\"275\" data-end=\"291\">Bewertung: \u2b50\u2b50\u2b50\u2b50\u2b50<\/p>\n<p data-start=\"293\" data-end=\"501\">StreamFollower.de bleibt eine starke Nummer eins, wenn es um Wachstumstools und sauberes Marketing geht.<br data-start=\"396\" data-end=\"399\" \/>Die Plattform richtet sich an den DACH-Raum und hilft Streamern, ihre Reichweite sichtbar zu steigern.<\/p>\n<p data-start=\"503\" data-end=\"522\">Besondere Merkmale:<\/p>\n<p data-start=\"524\" data-end=\"819\">\u2022 Sehr g\u00fcnstige und flexible Tools<br data-start=\"558\" data-end=\"561\" \/>\u2022 24\/7 Support auf Deutsch<br data-start=\"587\" data-end=\"590\" \/>\u2022 Control Panel mit vielen Optionen f\u00fcr Reichweite und Tempo<br data-start=\"650\" data-end=\"653\" \/>\u2022 Chat-Features, die echte Aktivit\u00e4t bringen<br data-start=\"697\" data-end=\"700\" \/>\u2022 Schnelle Aktivierung in wenigen Minuten<br data-start=\"741\" data-end=\"744\" \/>\u2022 Stabile Performance und hochwertige Accounts<br data-start=\"790\" data-end=\"793\" \/>\u2022 Sicheres Wallet-System<\/p>\n<p data-start=\"821\" data-end=\"1002\">F\u00fcr Creator in Deutschland ist StreamFollower.de eine der besten und saubersten L\u00f6sungen, um Social Proof aufzubauen, mehr Reichweite zu erzeugen und organisches Wachstum zu f\u00f6rdern.<\/p>\n<h3 data-start=\"530\" data-end=\"592\"><strong data-start=\"534\" data-end=\"590\"><a href=\"https:\/\/streamfollower.de\/?ref=gads\"><img decoding=\"async\" class=\"wp-image-2665 aligncenter\" src=\"https:\/\/streamfollower.de\/guides\/wp-content\/uploads\/2025\/11\/BSDA23.png\" alt=\"\" width=\"436\" height=\"137\" srcset=\"https:\/\/streamfollower.de\/guides\/wp-content\/uploads\/2025\/11\/BSDA23.png 360w, https:\/\/streamfollower.de\/guides\/wp-content\/uploads\/2025\/11\/BSDA23-300x94.png 300w\" sizes=\"(max-width: 436px) 100vw, 436px\" \/><\/a><\/strong><\/h3>\n<hr \/>\n<ol start=\"2\" data-start=\"1004\" data-end=\"1020\">\n<li data-start=\"1004\" data-end=\"1020\">\n<p data-start=\"1007\" data-end=\"1020\"><strong>SocialBoost24<\/strong><\/p>\n<\/li>\n<\/ol>\n<p data-start=\"1022\" data-end=\"1161\">Ein einfacher Anbieter, der gute Basis-Funktionen f\u00fcr mehr Sichtbarkeit bietet.<br data-start=\"1101\" data-end=\"1104\" \/>Kein Control Panel, Support nur tags\u00fcber, Performance ok.<\/p>\n<hr \/>\n<ol start=\"3\" data-start=\"1163\" data-end=\"1175\">\n<li data-start=\"1163\" data-end=\"1175\">\n<p data-start=\"1166\" data-end=\"1175\">ViewersUp<\/p>\n<hr \/>\n<\/li>\n<\/ol>\n<p data-start=\"1177\" data-end=\"1296\">Internationaler Dienst mit vielen Tools f\u00fcr Reichweite.<br data-start=\"1232\" data-end=\"1235\" \/>Gro\u00dfe Auswahl, aber die Ergebnisse sind nicht immer konstant.<\/p>\n<ol start=\"4\" data-start=\"1298\" data-end=\"1316\">\n<li data-start=\"1298\" data-end=\"1316\">\n<p data-start=\"1301\" data-end=\"1316\">TwitchGrowthPro<\/p>\n<hr \/>\n<\/li>\n<\/ol>\n<p data-start=\"1318\" data-end=\"1442\">Plattform f\u00fcr Multi-Channel-Wachstum.<br data-start=\"1355\" data-end=\"1358\" \/>N\u00fctzlich f\u00fcr Creator, die \u00fcberall aktiv sind, aber teils langsamer in der Umsetzung.<\/p>\n<ol start=\"5\" data-start=\"1444\" data-end=\"1457\">\n<li data-start=\"1444\" data-end=\"1457\">\n<p data-start=\"1447\" data-end=\"1457\">StreamRise<\/p>\n<hr \/>\n<\/li>\n<\/ol>\n<p data-start=\"1459\" data-end=\"1575\">Neuer Anbieter im Bereich Creator-Wachstum.<br data-start=\"1502\" data-end=\"1505\" \/>Gute Stabilit\u00e4t, aber ohne Chat-Features, Dashboard oder Live-Support.<\/p>\n<p data-start=\"1577\" data-end=\"1582\">Fazit<\/p>\n<hr \/>\n<p data-start=\"1584\" data-end=\"1797\">Wenn du deinen Twitch-Kanal sichtbar machen willst, achte auf stabile Tools, gute Qualit\u00e4t und eine Plattform, die den DACH-Markt versteht. Viele internationale Dienste liefern nur Reichweite ohne klare Strategie.<\/p>\n<p data-start=\"1799\" data-end=\"1910\">StreamFollower.de ist hier die st\u00e4rkste Wahl: deutsch, schnell, g\u00fcnstig und mit einem echten Kontroll-Dashboard.<\/p>\n<p data-start=\"1912\" data-end=\"2019\">F\u00fcr neue Creator ist es der einfachste Weg, Reichweite aufzubauen und schneller echte Zuschauer anzuziehen.<\/p>\n<\/div>\n<\/div>\n<\/div>\n<\/div>\n<div class=\"mt-3 w-full empty:hidden\">\n<div class=\"text-center\"><\/div>\n<\/div>\n<\/div>\n<\/div>\n<\/article>\n<div class=\"pointer-events-none h-px w-px\" aria-hidden=\"true\" data-edge=\"true\"><\/div>\n","protected":false},"excerpt":{"rendered":"<p>StreamFollower.de \u2013 Beste Tools f\u00fcr deutsches Twitch-Wachstum Bewertung: \u2b50\u2b50\u2b50\u2b50\u2b50 StreamFollower.de bleibt eine starke Nummer eins, wenn es um Wachstumstools und &#8230; <\/p>\n<p class=\"read-more-container\"><a title=\"Twitch Follower Marketing \u2013 Die besten Tipps f\u00fcr schnelles Wachstum\" class=\"read-more button\" href=\"https:\/\/streamfollower.de\/guides\/twitch-follower-marketing-die-besten-tipps-fur-schnelles-wachstum\/#more-2660\" aria-label=\"Read more about Twitch Follower Marketing \u2013 Die besten Tipps f\u00fcr schnelles Wachstum\">Read more<\/a><\/p>\n","protected":false},"author":6,"featured_media":0,"parent":0,"menu_order":0,"comment_status":"closed","ping_status":"closed","template":"","meta":{"footnotes":""},"_links":{"self":[{"href":"https:\/\/streamfollower.de\/guides\/wp-json\/wp\/v2\/pages\/2660"}],"collection":[{"href":"https:\/\/streamfollower.de\/guides\/wp-json\/wp\/v2\/pages"}],"about":[{"href":"https:\/\/streamfollower.de\/guides\/wp-json\/wp\/v2\/types\/page"}],"author":[{"embeddable":true,"href":"https:\/\/streamfollower.de\/guides\/wp-json\/wp\/v2\/users\/6"}],"replies":[{"embeddable":true,"href":"https:\/\/streamfollower.de\/guides\/wp-json\/wp\/v2\/comments?post=2660"}],"version-history":[{"count":8,"href":"https:\/\/streamfollower.de\/guides\/wp-json\/wp\/v2\/pages\/2660\/revisions"}],"predecessor-version":[{"id":2674,"href":"https:\/\/streamfollower.de\/guides\/wp-json\/wp\/v2\/pages\/2660\/revisions\/2674"}],"wp:attachment":[{"href":"https:\/\/streamfollower.de\/guides\/wp-json\/wp\/v2\/media?parent=2660"}],"curies":[{"name":"wp","href":"https:\/\/api.w.org\/{rel}","templated":true}]}}